ose -5*p - 5*n = -60, n + n - 34 = -3*p. What is the highest common factor of 70 and p?
10
Suppose x = -3*n + 16, -3*n + 20 = 5*x - 3*x. Let j = n + 10. Let k = 71 + -1. What is the highest common factor of j and k?
14
Suppose -5*s = -5, -3*x + 4*s = -0*x - 41. Suppose -412 = 2*c - 6*c. Suppose -2*z + c = 13. What is the greatest common divisor of z and x?
15
Suppose 5*u - 18 = 4*b, -2*u + 4*u + 4*b = 24. What is the greatest common factor of u and 42?
6
Let t = -14 - -104. What is the greatest common factor of 10 and t?
10
Let f be 2 + -4 - (-7 + 4). What is the greatest common divisor of 9 and f?
1
Let m = 22 + -18. Let y = 12 - m. Calculate the highest common divisor of y and 16.
8
Let y(j) = j**2 - j + 3. Let d be y(0). Suppose r + d*r + 4 = 0. Let p be (-11 + r)*(-6)/4. Calculate the highest common divisor of p and 90.
18
Let b = 36 + -15. Suppose -2*j - 672 = -4*h, -3*h + 2*j = 2*h - 840. What is the greatest common factor of b and h?
21
Let x = 114 - 53. Suppose y - x = 3*g - 2*g, 5*g = 3*y - 175. Calculate the greatest common divisor of y and 13.
13
Let a(t) = t**2 - 3*t + 8. Let s be a(4). What is the highest common divisor of 84 and s?
12
Let z = -122 + 129. What is the greatest common factor of z and 56?
7
Let w be ((-4)/2)/(-2) + 17. Let n(h) = 4*h**2 + 14*h + 19. Let s be n(11). Let x be (-2)/4 + s/18. Calculate the highest common factor of x and w.
18
Let i = 40 - 22. Let w be (-1)/(-1)*67 + 5. Calculate the greatest common factor of i and w.
18
Let b(k) = 2*k**3 + 19*k**2 - 11*k - 7. Let n be b(-10). Calculate the highest common divisor of 15 and n.
3
Let y be -2 - 3/(-1)*3. Let d = 3 + -2. Let r be 30 - d/2*4. What is the greatest common divisor of r and y?
7
Suppose 0 = -m - 3 + 8. Suppose -4*c + 20 = 0, -5*c = m*b - 3*c - 40. Suppose -3*u + 5*u - 6 = 0. What is the highest common divisor of u and b?
3
Suppose 3*h - 199 = -2*c + 11, 0 = 5*h + 2*c - 354. Calculate the greatest common divisor of h and 8.
8
Suppose u + 1 - 7 = 0. Suppose -4*m = -m + u. Let i be (m - 120/(-1)) + 2. Calculate the highest common factor of i and 15.
15
Let m be (-1)/3*-3 - 1. Let r be 3 + -2 + m + 134. What is the highest common factor of r and 15?
15
Let d(a) = a + 9. Let g be d(14). Calculate the greatest common divisor of 46 and g.
23
Let v = -24 - -40. Let w(s) = 3 - 2 - 1 - s - 3. Let c be w(-5). What is the highest common divisor of c and v?
2
Let w be ((-3)/2)/((-3)/4). Let s = -12 + 12. Suppose w = -2*l + 2*z, -2*l - z = -s*l - 4. What is the highest common divisor of 4 and l?
1
Let p = -310 - -561. Suppose -5*v - 5*x + p = -119, -2*v + 120 = -5*x. Calculate the highest common factor of 14 and v.
14
Let f(l) = 3*l**2 - 7*l + 2. Let u be f(5). Calculate the greatest common factor of 84 and u.
42
Let u(x) = 3*x + 3. Let j be u(-4). Let f be j/(-6)*28/3. Calculate the greatest common factor of f and 126.
14
Suppose 5*h = 18 - 3. Let v be 2 + (-1 - 2) + h. Calculate the greatest common divisor of v and 3.
1
Let y be (1/3)/(2/264). Calculate the greatest common divisor of 11 and y.
11
Let l(v) = -v**3 + 11*v**2 + 11*v - 13. Let g be l(10). Suppose -2*w - 290 = -3*o, o - 5*w - g = -o. What is the highest common factor of o and 12?
12
Let w = 11 + -11. Suppose 4*f - f + r - 15 = w, -2*f = r - 9. Let x = -3 + f. What is the highest common factor of x and 6?
3
Suppose -3*o - 2*o + m = -23, 0 = -2*o + m + 11. What is the highest common factor of 4 and o?
4
Let y(l) = -2*l**3 - 3*l**2 - 5*l - 7. Let g be y(-4). Calculate the highest common factor of 62 and g.
31
Let m = -1 - -25. What is the greatest common divisor of m and 24?
24
Let r be 10/4 - (-5)/10. Let u be (r + 0/3)*1. Let c = 59 - 38. What is the highest common factor of u and c?
3
Suppose 0 = 9*s - 183 - 330. Calculate the greatest common divisor of s and 38.
19
Suppose -16*d + 18*d + 34 = 0. Let r = d - -37. Calculate the highest common factor of r and 4.
4
Let x = 0 - -5. Suppose -19 - 5 = 2*s. Let k be (s/15)/(2/(-5)). Calculate the greatest common factor of k and x.
1
Suppose 10*a = 54 + 546. What is the highest common factor of a and 24?
12
Let g be (-270)/63 + 2/7. Let u = 46 - g. What is the highest common factor of 10 and u?
10
Suppose 2*w - 4*t + 24 = 0, -2*w + 2*t - 3*t = 4. Let s = w - -43. Calculate the highest common factor of s and 26.
13
Let p(k) = 2*k**2 - 7*k + 2. Let x be p(-6). What is the greatest common factor of x and 29?
29
Suppose -4*d + 8 = -0*d. Suppose 2*a - 3*a = 0. Suppose -d*z - g + 20 = a, -2*g - 1 = -2*z + 13. What is the highest common factor of z and 63?
9
Let w = -4 - -21. Suppose 752 = -4*s - 0*s + 3*l, 0 = -3*s + 3*l - 561. Let z = 327 + s. Calculate the greatest common factor of z and w.
17
Suppose 5*u - u - 2*z - 146 = 0, -2*u + 64 = 2*z. Let t be 30/2 - (0 + 1). Calculate the highest common divisor of t and u.
7
Let u(p) = 33*p**2 + p + 2. Let o be u(-2). Calculate the highest common factor of 12 and o.
12
Suppose 3*f = 5*d + 170, 4*f - 3*d - 213 = 32. What is the highest common divisor of f and 13?
13
Let m = 3 + 0. Suppose -2*r = n + 4*n - 14, -4 = r - m*n. Suppose -85 = -3*v - r*v. Calculate the highest common divisor of v and 51.
17
Let y be (-3)/(6 + -3)*(-11 + -2). Calculate the greatest common divisor of 39 and y.
13
Let u(k) = -k**2 + 4*k - 3. Let n be u(3). Suppose -2*i + 2*z = -294, n = -4*i + 5*i - 2*z - 142. Calculate the greatest common divisor of 19 and i.
19
Let q(n) = n**2 + 7*n + 9. Let l be q(-6). Let k be l*3/(5 - -4). What is the highest common factor of 4 and k?
1
Suppose -c - 3*f + 5 = -4, 3*c - 3*f - 3 = 0. Suppose 0*q + c*q = -t + 13, -t - 5*q = -17. What is the greatest common factor of 21 and t?
7
Let l = 6 - -3. Let d(p) = 34*p - 3. Let m be ((-4)/(-6))/(2/9). Let a be d(m). Calculate the greatest common divisor of a and l.
9
Suppose -4*h + 5 = w - 9, 3*h = 3*w - 12. Calculate the highest common divisor of 18 and w.
6
Let l(i) = -7*i + 8. Let d be l(-8). Calculate the greatest common divisor of d and 8.
8
Let x(u) = u + 3. Let a be x(-5). Let i be (-315)/7*a/6. Calculate the greatest common divisor of 5 and i.
5
Suppose 0 = 6*j - j + 35. Let i be (10 + j)*(4 + -1). Calculate the highest common factor of 9 and i.
9
Let f = 11 + 11. Calculate the highest common factor of f and 11.
11
Let u(o) = -3*o + 5. Let f be u(12). Let m = f + 14. Let s = 2 - m. Calculate the highest common factor of s and 152.
19
Let b be -2 + (-5)/((-10)/54). Let v(z) = 136*z + 3. Let g be v(2). Calculate the greatest common factor of b and g.
25
Let s be ((-40)/(-12))/(2/42). Calculate the greatest common divisor of 10 and s.
10
Let d(w) = 11*w - 7. Let o be d(5). What is the highest common factor of 6 and o?
6
Let y be -1 + (0 - (-45)/(-1)). Let o = y + 72. Let m = 27 - -12. What is the greatest common divisor of m and o?
13
Let q = -15 + 15. Let v(h) = h**2 - 2*h + 8. Let r be v(q). Calculate the highest common factor of r and 40.
8
Let m be 209/9 - (-2)/(-9). Let o = -13 + m. What is the highest common factor of o and 30?
10
Let z = -8 - -13. Suppose -z*j + 347 = -73. Calculate the highest common factor of j and 12.
12
Suppose -11*q = -15*q + 204. Let c = -19 + 36. What is the highest common divisor of q and c?
17
Suppose 10*s - 8*s = 10. Calculate the greatest common divisor of s and 10.
5
Suppose -2*m - 148 = -3*u, 4*u - m = -5*m + 224. What is the greatest common divisor of 78 and u?
26
Suppose 2*d + 5*t + 2 = -5, 0 = -3*d - 2*t + 6. Suppose 5*m - w - 20 = 0, -5*m - 5 = -0*m + d*w. Calculate the greatest common factor of m and 33.
3
Suppose -3*z + 214 = 4*j - 5*z, -5*z + 15 = 0. What is the greatest common factor of j and 220?
55
Let w = 79 + -209. Let i = w + 262. Suppose 3*f - a - 52 = -f, 4*a - 20 = -3*f. What is the greatest common factor of i and f?
12
Let b(u) = -6*u - 3. Let d be b(-2). Calculate the highest common factor of 3 and d.
3
Suppose 5*g + 2*n - 95 = 0, -4*g = 2*n - 4*n - 58. Suppose 4*o = 23 + g. Suppose 3*k - 7 = 5. What is the highest common divisor of o and k?
2
Let k = 92 - 56. Suppose -3*p + 141 + 21 = 0. Calculate the greatest common divisor of p and k.
18
Let d = 22 - 17. Suppose 4*a + 17 + 7 = 0. Let t be (a/d)/(3/(-30)). What is the highest common factor of t and 48?
12
Suppose 2*h + 0*h = -2*p - 6, -h - 4*p = 18. Sup